
What is the ten thousands digit of 6081222?
8
What is the ten thousands digit of 248486?
4
What is the thousands digit of 92217?
2
What is the units digit of 366940?
0
What is the units digit of 422928?
8
What is the tens digit of 1375278?
7
What is the hundreds digit of 7069?
0
What is the hundred thousands digit of 1004289?
0
What is the hundreds digit of 2216821?
8
What is the thousands digit of 92671?
2
What is the ten thousands digit of 331345?
3
What is the ten thousands digit of 812800?
1
What is the hundred thousands digit of 105434?
1
What is the hundreds digit of 185550?
5
What is the hundreds digit of 6202832?
8
What is the ten thousands digit of 224495?
2
What is the millions digit of 7892310?
7
What is the ten thousands digit of 7274302?
7
What is the ten thousands digit of 12731?
1
What is the ten thousands digit of 297832?
9
What is the hundred thousands digit of 597177?
5
What is the hundreds digit of 118441?
4
What is the tens digit of 3019824?
2
What is the hundreds digit of 1138494?
4
What is the hundreds digit of 371524?
5
What is the thousands digit of 373765?
3
What is the ten millions digit of 23137865?
2
What is the millions digit of 1039559?
1
What is the thousands digit of 2181472?
1
What is the thousands digit of 3979914?
9
What is the millions digit of 5978114?
5
What is the tens digit of 64189?
8
What is the millions digit of 15240104?
5
What is the hundreds digit of 10992050?
0
What is the hundred thousands digit of 1406663?
4
What is the hundred thousands digit of 1621394?
6
What is the hundred thousands digit of 2763619?
7
What is the thousands digit of 1568040?
8
What is the hundreds digit of 6597724?
7
What is the ten thousands digit of 2640508?
4
What is the hundred thousands digit of 4183822?
1
What is the ten thousands digit of 8444369?
4
What is the millions digit of 17367060?
7
What is the units digit of 148121?
1
What is the tens digit of 161489?
8
What is the tens digit of 763996?
9
What is the units digit of 4161517?
7
What is the millions digit of 18104544?
8
What is the thousands digit of 953446?
3
What is the ten thousands digit of 21795092?
9
What is the units digit of 279783?
3
What is the millions digit of 1464495?
1
What is the hundred thousands digit of 1197041?
1
What is the units digit of 1536793?
3
What is the units digit of 3256417?
7
What is the ten thousands digit of 10612180?
1
What is the units digit of 1250506?
6
What is the hundreds digit of 268881?
8
What is the hundred thousands digit of 539272?
5
What is the hundreds digit of 363529?
5
What is the ten thousands digit of 173394?
7
What is the hundreds digit of 84017?
0
What is the hundreds digit of 198884?
8
What is the hundreds digit of 2513136?
1
What is the ten thousands digit of 831609?
3
What is the ten thousands digit of 18774782?
7
What is the units digit of 39391501?
1
What is the hundreds digit of 1480525?
5
What is the units digit of 1356064?
4
What is the units digit of 50168?
8
What is the tens digit of 2123838?
3
What is the units digit of 1624694?
4
What is the millions digit of 3476931?
3
What is the thousands digit of 13490687?
0
What is the units digit of 357229?
9
What is the units digit of 249917?
7
What is the hundreds digit of 30233?
2
What is the ten thousands digit of 847919?
4
What is the tens digit of 140700?
0
What is the thousands digit of 913444?
3
What is the ten thousands digit of 186698?
8
What is the thousands digit of 11239369?
9
What is the tens digit of 4050091?
9
What is the ten thousands digit of 22720345?
2
What is the millions digit of 8742053?
8
What is the hundreds digit of 21750396?
3
What is the tens digit of 418514?
1
What is the hundred thousands digit of 133915?
1
What is the hundred thousands digit of 1478074?
4
What is the hundreds digit of 10824960?
9
What is the tens digit of 776866?
6
What is the thousands digit of 223629?
3
What is the hundred thousands digit of 2758226?
7
What is the units digit of 2568284?
4
What is the tens digit of 1021644?
4
What is the tens digit of 18011766?
6
What is the hundred thousands digit of 424319?
4
What is the thousands digit of 1351544?
1
What is the ten thousands digit of 589717?
8
What is the thousands digit of 2200391?
0
What is the ten thousands digit of 525359?
2
What is the hundreds digit of 296313?
3
What is the thousands digit of 3050247?
0
What is the ten thousands digit of 3742450?
4
What is the units digit of 10971208?
8
What is the ten thousands digit of 365502?
6
What is the hundred thousands digit of 5896650?
8
What is the tens digit of 664603?
0
What is the tens digit of 2360289?
8
What is the thousands digit of 577417?
7
What is the units digit of 1088534?
4
What is the hundred thousands digit of 4545802?
5
What is the millions digit of 8049917?
8
What is the thousands digit of 2975831?
5
What is the units digit of 236433?
3
What is the thousands digit of 448571?
8
What is the hundreds digit of 1340777?
7
What is the units digit of 2059538?
8
What is the hundred thousands digit of 110700?
1
What is the ten thousands digit of 924069?
2
What is the millions digit of 2464377?
2
What is the hundreds digit of 5616488?
4
What is the hundred thousands digit of 1369944?
3
What is the units digit of 300027?
7
What is the ten thousands digit of 11450498?
5
What is the ten thousands digit of 555735?
5
What is the hundreds digit of 38483?
4
What is the thousands digit of 155069?
5
What is the ten thousands digit of 422633?
2
What is the ten thousands digit of 4724617?
2
What is the thousands digit of 1543950?
3
What is the units digit of 392647?
7
What is the hundred thousands digit of 3085433?
0
What is the thousands digit of 619130?
9
What is the ten thousands digit of 52442?
5
What is the hundred thousands digit of 341429?
3
What is the hundreds digit of 6441609?
6
What is the ten thousands digit of 91702?
9
What is the thousands digit of 39210349?
0
What is the units digit of 4147950?
0
What is the hundred thousands digit of 629363?
6
What is the hundred thousands digit of 109321?
1
What is the millions digit of 8084974?
8
What is the tens digit of 1173780?
8
What is the hundreds digit of 151702?
7
What is the hundreds digit of 8834247?
2
What is the hundred thousands digit of 1155490?
1
What is the tens digit of 18358?
5
What is the tens digit of 7372301?
0
What is the hundred thousands digit of 155947?
1
What is the hundreds digit of 2978337?
3
What is the ten thousands digit of 3664256?
6
What is the hundreds digit of 75550?
5
What is the hundred thousands digit of 4065315?
0
What is the ten thousands digit of 309290?
0
What is the thousands digit of 13699341?
9
What is the hundreds digit of 367845?
8
What is the units digit of 257078?
8
What is the units digit of 361335?
5
What is the tens digit of 441757?
5
What is the units digit of 406008?
8
What is the millions digit of 1218679?
1
What is the units digit of 33049358?
8
What is the ten thousands digit of 171068?
7
What is the units digit of 4273976?
6
What is the thousands digit of 1392141?
2
What is the units digit of 15028?
8
What is the hundred thousands digit of 4359913?
3
What is the hundreds digit of 7967122?
1
What is the thousands digit of 357085?
7
What is the thousands digit of 4627519?
7
What is the tens digit of 1309172?
7
What is the tens digit of 18678?
7
What is the hundreds digit of 80493?
4
What is the thousands digit of 1085462?
5
What is the units digit of 8755023?
3
What is the units digit of 3771182?
2
What is the hundred thousands digit of 2983375?
9
What is the ten thousands digit of 28611?
2
What is the thousands digit of 12737794?
7
What is the units digit of 19339153?
3
What is the units digit of 641759?
9
What is the ten thousands digit of 1367803?
6
What is the hundreds digit of 256191?
1
What is the units digit of 2438682?
2
What is the hundred thousands digit of 130995?
1
What is the thousands digit of 2211253?
1
What is the units digit of 1140651?
1
What is the thousands digit of 88444?
8
What is the hundreds digit of 422145?
1
What is the ten millions digit of 35947931?
3
What is the hundreds digit of 2106380?
3
What is the units digit of 2794987?
7
What is the units digit of 2867205?
5
What is the units digit of 169247?
7
What is the thousands 